usands digit of 2874086?
4
What is the hundreds digit of 106009287?
2
What is the hundreds digit of 112947954?
9
What is the tens digit of 6946962?
6
What is the ten millions digit of 106904219?
0
What is the millions digit of 364527163?
4
What is the ten thousands digit of 481230542?
3
What is the ten thousands digit of 112242867?
4
What is the hundred thousands digit of 223927107?
9
What is the hundred millions digit of 215975023?
2
What is the hundred thousands digit of 22834061?
8
What is the hundred thousands digit of 224163039?
1
What is the thousands digit of 27935894?
5
What is the tens digit of 2820983703?
0
What is the hundred thousands digit of 19353118?
3
What is the thousands digit of 3535259478?
9
What is the hundred thousands digit of 37775043?
7
What is the hundred thousands digit of 7093625?
0
What is the units digit of 155696095?
5
What is the tens digit of 451215924?
2
What is the ten thousands digit of 293943800?
4
What is the ten thousands digit of 180953131?
5
What is the thousands digit of 622696233?
6
What is the hundred thousands digit of 641327063?
3
What is the hundred millions digit of 480135514?
4
What is the hundred millions digit of 2192049111?
1
What is the hundred thousands digit of 2016580717?
5
What is the ten thousands digit of 47391200?
9
What is the hundreds digit of 209184362?
3
What is the units digit of 1943483505?
5
What is the thousands digit of 148708388?
8
What is the hundreds digit of 211931428?
4
What is the tens digit of 474693343?
4
What is the ten thousands digit of 3407602544?
0
What is the thousands digit of 42173576?
3
What is the millions digit of 379143727?
9
What is the tens digit of 9882130?
3
What is the units digit of 1312490442?
2
What is the hundreds digit of 81077769?
7
What is the millions digit of 3781137549?
1
What is the hundred millions digit of 1359442814?
3
What is the thousands digit of 91280921?
0
What is the thousands digit of 402861602?
1
What is the millions digit of 65301577?
5
What is the ten thousands digit of 687067393?
6
What is the hundred millions digit of 737388170?
7
What is the thousands digit of 3185293284?
3
What is the hundreds digit of 1085388059?
0
What is the millions digit of 1919702197?
9
What is the millions digit of 35955804?
5
What is the hundred millions digit of 700058634?
7
What is the ten millions digit of 28995825?
2
What is the units digit of 277738825?
5
What is the ten millions digit of 127224191?
2
What is the units digit of 7740570?
0
What is the tens digit of 29874155?
5
What is the hundreds digit of 27688578?
5
What is the millions digit of 4446376?
4
What is the thousands digit of 4805544977?
4
What is the tens digit of 202853209?
0
What is the thousands digit of 3225660251?
0
What is the thousands digit of 1543503949?
3
What is the ten thousands digit of 77997857?
9
What is the tens digit of 4551951143?
4
What is the millions digit of 384679024?
4
What is the tens digit of 1975666232?
3
What is the hundred millions digit of 569882345?
5
What is the ten thousands digit of 371580018?
8
What is the tens digit of 48434666?
6
What is the millions digit of 1408598131?
8
What is the ten thousands digit of 134407025?
0
What is the ten thousands digit of 53130722?
3
What is the thousands digit of 89751485?
1
What is the hundred millions digit of 157862793?
1
What is the millions digit of 29222324?
9
What is the units digit of 249039346?
6
What is the ten millions digit of 116883908?
1
What is the hundred millions digit of 125242373?
1
What is the units digit of 6612967059?
9
What is the hundreds digit of 1383842893?
8
What is the hundreds digit of 33730751?
7
What is the units digit of 282117972?
2
What is the hundreds digit of 5777007361?
3
What is the units digit of 969284761?
1
What is the thousands digit of 1000533458?
3
What is the ten thousands digit of 2678928809?
2
What is the ten thousands digit of 6760451?
6
What is the tens digit of 417807005?
0
What is the thousands digit of 163865790?
5
What is the hundreds digit of 4144183?
1
What is the ten millions digit of 3371648416?
7
What is the hundreds digit of 45377514?
5
What is the tens digit of 3423730821?
2
What is the millions digit of 112400222?
2
What is the tens digit of 168712023?
2
What is the millions digit of 506237125?
6
What is the ten millions digit of 38708579?
3
What is the ten thousands digit of 4356851515?
5
What is the ten millions digit of 605459920?
0
What is the ten thousands digit of 182522309?
2
What is the tens digit of 300853470?
7
What is the ten millions digit of 730042627?
3
What is the ten millions digit of 220981839?
2
What is the ten thousands digit of 12232267?
3
What is the ten millions digit of 5599925867?
9
What is the thousands digit of 181673546?
3
What is the tens digit of 116001489?
8
What is the thousands digit of 1033473667?
3
What is the ten millions digit of 1898895061?
9
What is the units digit of 43823825?
5
What is the ten thousands digit of 843366697?
6
What is the ten thousands digit of 910459222?
5
What is the thousands digit of 12294291?
4
What is the ten thousands digit of 2896705301?
0
What is the ten thousands digit of 65703492?
0
What is the billions digit of 7809559138?
7
What is the billions digit of 1237591425?
1
What is the millions digit of 184268006?
4
What is the ten millions digit of 81628487?
8
What is the hundred thousands digit of 9518084?
5
What is the hundred millions digit of 124564563?
1
What is the tens digit of 4349857?
5
What is the ten millions digit of 96180425?
9
What is the thousands digit of 258603538?
3
What is the hundred thousands digit of 324650879?
6
What is the hundred thousands digit of 12170472?
1
What is the hundred thousands digit of 472728824?
7
What is the tens digit of 10008302?
0
What is the billions digit of 2874583665?
2
What is the hundred thousands digit of 39050898?
0
What is the hundred thousands digit of 3249440208?
4
What is the ten millions digit of 86605087?
8
What is the tens digit of 2000945535?
3
What is the hundred thousands digit of 256614937?
6
What is the thousands digit of 7376050740?
0
What is the ten millions digit of 1260251719?
6
What is the hundreds digit of 6311532?
5
What is the hundred thousands digit of 412622176?
6
What is the units digit of 117888093?
3
What is the tens digit of 86312567?
6
What is the ten millions digit of 59300022?
5
What is the hundreds digit of 115791030?
0
What is the units digit of 1105489888?
8
What is the thousands digit of 122028814?
8
What is the millions digit of 581803223?
1
What is the tens digit of 814649941?
4
What is the hundreds digit of 225301913?
9
What is the hundred thousands digit of 582651?
5
What is the ten millions digit of 144906890?
4
What is the ten millions digit of 61278282?
6
What is the hundred millions digit of 128727603?
1
What is the ten thousands digit of 796117472?
1
What is the millions digit of 213672579?
3
What is the hundred thousands digit of 985129627?
1
What is the hundreds digit of 18556344?
3
What is the ten thousands digit of 1864500286?
0
What is the ten thousands digit of 78343931?
4
What is the ten millions digit of 1522828039?
2
What is the hundreds digit of 133297683?
6
What is the hundred thousands digit of 2430944796?
9
What is the tens digit of 460453170?
7
What is the thousands digit of 396113672?
3
What is the ten thousands digit of 25998000?
9
What is the ten thousands digit of 4428926?
2
What is the tens digit of 366541750?
5
What is the thousands digit of 671398865?
8
What is the hundred thousands digit of 17906674?
9
What is the thousands digit of 495365797?
5
What is the ten millions digit of 1379780197?
7
What is the thousands digit of 23824504?
4
What is the millions digit of 1753225469?
3
What is the millions digit of 1107209581?
7
What is the hundred millions digit of 200779591?
2
What is the tens digit of 27605905?
0
What is the hundred thousands digit of 2475907750?
9
What is the hundreds digit of 52892859?
8
What is the hundreds digit of 870441945?
9
What is the hundreds digit of 1107533890?
8
What is the thousands digit of 1042504050?
4
What is the tens digit of 1281263971?
7
What is the hundred thousands digit of 252410554?
4
What is the millions digit of 630257735?
0
What is th